{"id":24,"date":"2021-03-31T16:51:46","date_gmt":"2021-03-31T16:51:46","guid":{"rendered":"https:\/\/solidaridadyaccion.org\/web2\/?page_id=24"},"modified":"2021-04-15T20:06:44","modified_gmt":"2021-04-15T20:06:44","slug":"movilidad-humana-y-autonomia","status":"publish","type":"page","link":"https:\/\/solidaridadyaccion.org\/index.php\/es\/movilidad-humana-y-autonomia\/","title":{"rendered":"Movilidad"},"content":{"rendered":"\t\t<div data-elementor-type=\"wp-page\" data-elementor-id=\"24\" class=\"elementor elementor-24\">\n\t\t\t\t\t\t\t\t\t<section class=\"elementor-section elementor-top-section elementor-element elementor-element-2d5064dd elementor-section-height-min-height elementor-section-boxed elementor-section-height-default elementor-section-items-middle\" data-id=\"2d5064dd\" data-element_type=\"section\" data-settings=\"{&quot;background_background&quot;:&quot;classic&quot;}\">\n\t\t\t\t\t\t\t<div class=\"elementor-background-overlay\"><\/div>\n\t\t\t\t\t\t\t<div class=\"elementor-container elementor-column-gap-default\">\n\t\t\t\t\t<div class=\"elementor-column elementor-col-100 elementor-top-column elementor-element elementor-element-4e732810\" data-id=\"4e732810\" data-element_type=\"column\">\n\t\t\t<div class=\"elementor-widget-wrap elementor-element-populated\">\n\t\t\t\t\t\t\t\t<div class=\"elementor-element elementor-element-29b175c1 elementor-widget elementor-widget-heading\" data-id=\"29b175c1\" data-element_type=\"widget\" data-widget_type=\"heading.default\">\n\t\t\t\t<div class=\"elementor-widget-container\">\n\t\t\t<h3 class=\"elementor-heading-title elementor-size-default\">MOVILIDAD HUMANA Y REFUGIO\n<\/h3>\t\t<\/div>\n\t\t\t\t<\/div>\n\t\t\t\t<div class=\"elementor-element elementor-element-1d40a4c4 elementor-widget-divider--view-line elementor-widget elementor-widget-divider\" data-id=\"1d40a4c4\" data-element_type=\"widget\" data-widget_type=\"divider.default\">\n\t\t\t\t<div class=\"elementor-widget-container\">\n\t\t\t\t\t<div class=\"elementor-divider\">\n\t\t\t<span class=\"elementor-divider-separator\">\n\t\t\t\t\t\t<\/span>\n\t\t<\/div>\n\t\t\t\t<\/div>\n\t\t\t\t<\/div>\n\t\t\t\t\t<\/div>\n\t\t<\/div>\n\t\t\t\t\t\t\t<\/div>\n\t\t<\/section>\n\t\t\t\t<section class=\"elementor-section elementor-top-section elementor-element elementor-element-2ac0431c elementor-section-height-min-height elementor-section-items-stretch elementor-reverse-tablet elementor-reverse-mobile elementor-section-boxed elementor-section-height-default\" data-id=\"2ac0431c\" data-element_type=\"section\">\n\t\t\t\t\t\t<div class=\"elementor-container elementor-column-gap-default\">\n\t\t\t\t\t<div class=\"elementor-column elementor-col-50 elementor-top-column elementor-element elementor-element-8db4d77\" data-id=\"8db4d77\" data-element_type=\"column\" data-settings=\"{&quot;background_background&quot;:&quot;classic&quot;}\">\n\t\t\t<div class=\"elementor-widget-wrap elementor-element-populated\">\n\t\t\t\t\t\t\t\t<div class=\"elementor-element elementor-element-1f2b9e5f elementor-widget elementor-widget-image\" data-id=\"1f2b9e5f\" data-element_type=\"widget\" data-widget_type=\"image.default\">\n\t\t\t\t<div class=\"elementor-widget-container\">\n\t\t\t\t\t\t\t\t\t\t\t\t\t\t\t<img width=\"2560\" height=\"1707\" src=\"https:\/\/solidaridadyaccion.org\/wp-content\/uploads\/2021\/04\/IMG_0555-scaled.jpg\" class=\"attachment-full size-full wp-image-306\" alt=\"\" loading=\"lazy\" srcset=\"https:\/\/solidaridadyaccion.org\/wp-content\/uploads\/2021\/04\/IMG_0555-scaled.jpg 2560w, https:\/\/solidaridadyaccion.org\/wp-content\/uploads\/2021\/04\/IMG_0555-300x200.jpg 300w, https:\/\/solidaridadyaccion.org\/wp-content\/uploads\/2021\/04\/IMG_0555-1024x683.jpg 1024w, https:\/\/solidaridadyaccion.org\/wp-content\/uploads\/2021\/04\/IMG_0555-768x512.jpg 768w, https:\/\/solidaridadyaccion.org\/wp-content\/uploads\/2021\/04\/IMG_0555-1536x1024.jpg 1536w, https:\/\/solidaridadyaccion.org\/wp-content\/uploads\/2021\/04\/IMG_0555-2048x1365.jpg 2048w\" sizes=\"(max-width: 2560px) 100vw, 2560px\" \/>\t\t\t\t\t\t\t\t\t\t\t\t\t\t\t<\/div>\n\t\t\t\t<\/div>\n\t\t\t\t\t<\/div>\n\t\t<\/div>\n\t\t\t\t<div class=\"elementor-column elementor-col-50 elementor-top-column elementor-element elementor-element-35bb0ca7\" data-id=\"35bb0ca7\" data-element_type=\"column\">\n\t\t\t<div class=\"elementor-widget-wrap elementor-element-populated\">\n\t\t\t\t\t\t\t\t<div class=\"elementor-element elementor-element-7abd7ce7 elementor-widget elementor-widget-text-editor\" data-id=\"7abd7ce7\" data-element_type=\"widget\" data-widget_type=\"text-editor.default\">\n\t\t\t\t<div class=\"elementor-widget-container\">\n\t\t\t\t\t\t\t<p>Brindamos servicios de protecci\u00f3n integral y restituci\u00f3n de derechos de 300 ni\u00f1os ni\u00f1as y adolescentes no acompa\u00f1ados y separados en situaci\u00f3n de refugio en la ciudad de Quito, mediante el acompa\u00f1amiento psicosocial y asistencia humanitaria como el apoyo de sus procesos de autonom\u00eda e inserci\u00f3n local.<\/p><p>Nuestra organizaci\u00f3n cuenta con dos casas de autonom\u00eda con capacidad total de 20 NNA a la vez, as\u00ed como personal t\u00e9cnico capacitado para su acompa\u00f1amiento a<\/p><p>Estos los denominamos \u201cdepartamentos de autonom\u00eda Isabel Vendramini para mujeres y Spondylus para varones\u201d.<\/p>\t\t\t\t\t\t<\/div>\n\t\t\t\t<\/div>\n\t\t\t\t\t<\/div>\n\t\t<\/div>\n\t\t\t\t\t\t\t<\/div>\n\t\t<\/section>\n\t\t\t\t<section class=\"elementor-section elementor-top-section elementor-element elementor-element-49d3527a elementor-section-height-min-height elementor-section-items-stretch elementor-section-boxed elementor-section-height-default\" data-id=\"49d3527a\" data-element_type=\"section\">\n\t\t\t\t\t\t<div class=\"elementor-container elementor-column-gap-default\">\n\t\t\t\t\t<div class=\"elementor-column elementor-col-50 elementor-top-column elementor-element elementor-element-7bc1ac3d\" data-id=\"7bc1ac3d\" data-element_type=\"column\">\n\t\t\t<div class=\"elementor-widget-wrap elementor-element-populated\">\n\t\t\t\t\t\t\t\t<div class=\"elementor-element elementor-element-40116761 elementor-widget elementor-widget-heading\" data-id=\"40116761\" data-element_type=\"widget\" data-widget_type=\"heading.default\">\n\t\t\t\t<div class=\"elementor-widget-container\">\n\t\t\t<h3 class=\"elementor-heading-title elementor-size-default\">Caracter\u00edsticas del grupo de poblaci\u00f3n<\/h3>\t\t<\/div>\n\t\t\t\t<\/div>\n\t\t\t\t<div class=\"elementor-element elementor-element-3c48bdbf elementor-widget elementor-widget-text-editor\" data-id=\"3c48bdbf\" data-element_type=\"widget\" data-widget_type=\"text-editor.default\">\n\t\t\t\t<div class=\"elementor-widget-container\">\n\t\t\t\t\t\t\t<p>. NNA entre 0 a 17 a\u00f1os en situaci\u00f3n de refugio que se encuentran no acompa\u00f1ados o separados.<\/p><p>. NNA entre 3 a 17 a\u00f1os y sus familias, que se encuentran en situaci\u00f3n de alta vulnerabilidad y que presentan secualas traum\u00e1ticas, despu\u00e9s de eventos de naturaleza sexual, reclutamiento forzado, secuestro, abandono, negligencia, tortura, violencia generalizada, entre otras.<\/p><p>. Familias que conviven con NNA solos o separados que carecen de recursos para garantizar el cuidado y protecci\u00f3n adecuada.<\/p><p>. Madres y padres adolescentes solas\/os o separadas\/os en situaci\u00f3n de refugio, que o cuentan con recursos que favorezcan al cuidado y desarrollo propio y de sus hijos\/as.<\/p>\t\t\t\t\t\t<\/div>\n\t\t\t\t<\/div>\n\t\t\t\t\t<\/div>\n\t\t<\/div>\n\t\t\t\t<div class=\"elementor-column elementor-col-50 elementor-top-column elementor-element elementor-element-2f04abb1\" data-id=\"2f04abb1\" data-element_type=\"column\" data-settings=\"{&quot;background_background&quot;:&quot;classic&quot;}\">\n\t\t\t<div class=\"elementor-widget-wrap elementor-element-populated\">\n\t\t\t\t\t\t\t\t<div class=\"elementor-element elementor-element-ef20feb elementor-widget elementor-widget-image\" data-id=\"ef20feb\" data-element_type=\"widget\" data-widget_type=\"image.default\">\n\t\t\t\t<div class=\"elementor-widget-container\">\n\t\t\t\t\t\t\t\t\t\t\t\t\t\t\t<img width=\"1920\" height=\"1280\" src=\"https:\/\/solidaridadyaccion.org\/wp-content\/uploads\/2021\/04\/IMG_2911.jpg\" class=\"attachment-full size-full wp-image-307\" alt=\"\" loading=\"lazy\" srcset=\"https:\/\/solidaridadyaccion.org\/wp-content\/uploads\/2021\/04\/IMG_2911.jpg 1920w, https:\/\/solidaridadyaccion.org\/wp-content\/uploads\/2021\/04\/IMG_2911-300x200.jpg 300w, https:\/\/solidaridadyaccion.org\/wp-content\/uploads\/2021\/04\/IMG_2911-1024x683.jpg 1024w, https:\/\/solidaridadyaccion.org\/wp-content\/uploads\/2021\/04\/IMG_2911-768x512.jpg 768w, https:\/\/solidaridadyaccion.org\/wp-content\/uploads\/2021\/04\/IMG_2911-1536x1024.jpg 1536w\" sizes=\"(max-width: 1920px) 100vw, 1920px\" \/>\t\t\t\t\t\t\t\t\t\t\t\t\t\t\t<\/div>\n\t\t\t\t<\/div>\n\t\t\t\t\t<\/div>\n\t\t<\/div>\n\t\t\t\t\t\t\t<\/div>\n\t\t<\/section>\n\t\t\t\t\t\t\t<\/div>\n\t\t","protected":false},"excerpt":{"rendered":"<p>MOVILIDAD HUMANA Y REFUGIO Brindamos servicios de protecci\u00f3n integral y restituci\u00f3n de derechos de 300 ni\u00f1os ni\u00f1as y adolescentes no acompa\u00f1ados y separados en situaci\u00f3n de refugio en la ciudad de Quito, mediante el acompa\u00f1amiento psicosocial y asistencia humanitaria como el apoyo de sus procesos de autonom\u00eda e inserci\u00f3n local. Nuestra organizaci\u00f3n cuenta con dos &#8230; <a title=\"Movilidad\" class=\"read-more\" href=\"https:\/\/solidaridadyaccion.org\/index.php\/es\/movilidad-humana-y-autonomia\/\" aria-label=\"More on Movilidad\">Read more<\/a><\/p>\n","protected":false},"author":1,"featured_media":0,"parent":0,"menu_order":0,"comment_status":"closed","ping_status":"closed","template":"","meta":[],"_links":{"self":[{"href":"https:\/\/solidaridadyaccion.org\/index.php\/wp-json\/wp\/v2\/pages\/24"}],"collection":[{"href":"https:\/\/solidaridadyaccion.org\/index.php\/wp-json\/wp\/v2\/pages"}],"about":[{"href":"https:\/\/solidaridadyaccion.org\/index.php\/wp-json\/wp\/v2\/types\/page"}],"author":[{"embeddable":true,"href":"https:\/\/solidaridadyaccion.org\/index.php\/wp-json\/wp\/v2\/users\/1"}],"replies":[{"embeddable":true,"href":"https:\/\/solidaridadyaccion.org\/index.php\/wp-json\/wp\/v2\/comments?post=24"}],"version-history":[{"count":14,"href":"https:\/\/solidaridadyaccion.org\/index.php\/wp-json\/wp\/v2\/pages\/24\/revisions"}],"predecessor-version":[{"id":316,"href":"https:\/\/solidaridadyaccion.org\/index.php\/wp-json\/wp\/v2\/pages\/24\/revisions\/316"}],"wp:attachment":[{"href":"https:\/\/solidaridadyaccion.org\/index.php\/wp-json\/wp\/v2\/media?parent=24"}],"curies":[{"name":"wp","href":"https:\/\/api.w.org\/{rel}","templated":true}]}}